3.
2, 191
Suppose 2 = -11*j + 12*j. Let l(k) = 15*k**3 + k**2 + 1. Let m be l(j). Let q = m - 41. What are the prime factors of q?
2, 3, 7
Suppose 4*m - 635 - 857 = 0. Let y be (-45)/(-1)*16/3. Let n = m - y. What are the prime factors of n?
7, 19
Let i(w) = 2*w - 17 + 6 - 12. Let o be i(14). Let q(a) = 43*a + 22. What are the prime factors of q(o)?
3, 79
Suppose -2526 = -4*a - 5*c, 0 = -9*a + 4*a + 3*c + 3139. Let p = a - 207. List the prime factors of p.
2, 211
Suppose 2*s + 9288 = 14*s. Let t = s + 737. What are the prime factors of t?
1511
Suppose -24 = 4*h + 3*t, 3*h + 7 = 2*t - 11. List the prime factors of 426 + 3 + 48/h.
421
Let q = 11057 + -4509. What are the prime factors of q?
2, 1637
Let n(f) = -2368*f**3 + f**2 - 9*f - 13. List the prime factors of n(-2).
11, 1723
Suppose 22*u = 22859 + 45495. List the prime factors of u.
13, 239
Suppose -5*c - 9 = 3*g + 10, -g + 2*c + 12 = 0. Let f be 1/(5/(-130)*g). Let b(d) = d**2 + 10*d + 27. List the prime factors of b(f).
2, 3, 11
Let g be 28/(-42)*(-7 - -1). Suppose 3*l = g*l - 3*w + 21, -2*l - 3*w - 51 = 0. Let i = 20 - l. List the prime factors of i.
2, 11
Let q be 1*-1*(-90 + 15). Suppose -72*w = -q*w - 285. Let c = -35 - w. List the prime factors of c.
2, 3, 5
Suppose 0 = -j + y + 3232, 5*y + 0 = -20. Suppose -h = 5*n + 2*h + j, 3*n + 1964 = 5*h. Let s = 911 + n. What are the prime factors of s?
263
Suppose -h - 55 = -5*d - 0*h, -5*h + 73 = 4*d. Suppose d*z - 5*z = 7. Let x(o) = 45*o + 3. List the prime factors of x(z).
2, 3
Let v(h) = -42*h**2 - h + 23*h**2 + 0*h - 6 + 21*h**2. What are the prime factors of v(5)?
3, 13
Let r = -927 - -900. List the prime factors of 18/r*6*-473.
2, 11, 43
Let b = -2479 + 7478. List the prime factors of b.
4999
Suppose -9*o + 574 = -2*o. Let q = o + -82. Suppose 784 = 5*p + d, -3*p - 3*d + q*d + 468 = 0. List the prime factors of p.
157
Suppose 5514 = -97*c - 84311 + 608581. What are the prime factors of c?
2, 7, 191
Let o be 239/((-9 + 5)/16). Let b be o/(-24) - (-3)/18. Let i = -12 + b. List the prime factors of i.
2, 7
Let c(m) = -736*m - 3883. What are the prime factors of c(-21)?
71, 163
Let m be (-10161)/15 + 9/(-15). Let r = 1141 + m. List the prime factors of r.
463
Suppose 2 = 2*q, -8*h + 3*h + 5*q + 100 = 0. Let b = -9 - -42. Let d = h + b. List the prime factors of d.
2, 3
What are the prime factors of ((-3)/4)/((-189)/747432)?
2, 1483
Let k = -26 - -31. Suppose 0 = 4*h + h - k. Let i = 7 + h. What are the prime factors of i?
2
Let p(f) = f**3 + 7*f**2 + f - 4. Let h be p(-7). Let y = -8 - h. What are the prime factors of 3/y*(12 - 1)?
11
Suppose 5 = -o - 3. Let i(n) = -n**3 - 8*n**2 + n + 8. Let g be i(o). Suppose 5*v + g*w = -5*w + 90, -4*v + 3*w = -86. What are the prime factors of v?
2, 5
Suppose 2649*q - 2643*q = 9810. List the prime factors of q.
3, 5, 109
Let s = 4 - -8. Let y be (-33)/(-9) - 8/s. Suppose 56 = y*l - 31. List the prime factors of l.
29
Suppose q + 2 = -0*c - 4*c, 6 = 4*c + 5*q. Let k(s) be the second derivative of 67*s**4/12 + s**3/3 + 3*s**2/2 - 337*s. List the prime factors of k(c).
2, 17
Suppose 2*f = -2, -2*j - 9*f + 12694 = -19521. What are the prime factors of j?
2, 19, 53
Let j = 21232 + -7675. What are the prime factors of j?
3, 4519
Let y(r) = 65*r. Let p be y(1). Let o(m) = -m**3 + 11*m**2 + 4*m + 64. Let f be o(12). Let b = f + p. What are the prime factors of b?
3, 11
Let u(i) = -29*i + 3. Let g be u(-6). Let o = -97 + g. Let f = -33 + o. List the prime factors of f.
47
Let t(l) = 28*l**2 - l**2 + 2*l**3 + l**3 + 0*l**2 + l**2 - 13 - 10*l. List the prime factors of t(-9).
2, 79
Suppose -11*d + 14 + 8 = 0. Let z(l) = 3*l**d + 0 - 78*l + 77*l + 2. List the prime factors of z(2).
2, 3
Suppose 2*d - 89701 = -5*h, -492*d = 5*h - 496*d - 89713. List the prime factors of h.
7, 11, 233
Let b(k) = -k**3 + 5*k**2 + 5*k - 22. Let o be b(5). Suppose -4*y - o*h = -3693, -7*y + 5*y + 1848 = 2*h. List the prime factors of y.
3, 307
List the prime factors of 414745/7 + 1124/(-3934).
179, 331
Suppose -100 = -5*j - 25. Suppose 20 = j*s - 11*s. Suppose -109 + 444 = s*w. What are the prime factors of w?
67
Suppose -31*l + 1855 = 4*l. Suppose -m - 5*z + 3 = 0, -8*m - l = -11*m - 4*z. What are the prime factors of m?
23
Suppose -6*b + 3*b + 2 = 4*j, -2*j + 4 = 2*b. Suppose b*w - 2 = 22. Suppose w*a = m + m - 206, 2*m - a = 218. What are the prime factors of m?
3, 37
Let k = 10437 + -462. What are the prime factors of k?
3, 5, 7, 19
Let t(d) = -2*d**3 - 9*d + 8354. List the prime factors of t(0).
2, 4177
Let w = -1438 - -1438. Let u = 191 + 246. Suppose 5*k = -4*f - 0*k + 881, 2*f - k - u = w. What are the prime factors of f?
3, 73
Let x = -14546 + 16528. What are the prime factors of x?
2, 991
Let k(p) be the first derivative of -651*p**4/4 - 2*p**3/3 + 3*p**2 + 7*p + 82. List the prime factors of k(-1).
2, 5, 13
Suppose -d = -4*l + 13, -d - 3*l + 1 = -14. Suppose -k = -0*k - d. Suppose 5*s - 12 - k = 0, -r + 60 = -s. What are the prime factors of r?
3, 7
Suppose -t + 2*a + 7586 = 0, 5*t - a = 3*t + 15163. What are the prime factors of t?
2, 5, 379
Let y(t) be the second derivative of t**4/12 + 17*t**3/6 + 11*t**2/2 - 44*t. Let c be y(-8). What are the prime factors of (1 - 2)/(((-4)/c)/(-4))?
61
Suppose -12 - 8 = -5*b. Let y be ((-432)/56)/9*42/9. What are the prime factors of y + (-3 + b)*42?
2, 19
Let i(x) be the second derivative of x**4/12 + 2*x**3 + 25*x**2/2 - 27*x. Let q be i(-10). What are the prime factors of q + 1 + -4 - (-1 + -39)?
2, 3, 7
Suppose -35 - 15 = -10*b. Suppose 5*h = -10, b*k - 232 = h + 160. Let u = 105 - k. List the prime factors of u.
3
Suppose 2*x + 6 = -3*s, 3*s - 1 = 2*x + 5. Let g be -27 + 12/x*-1. Let u(d) = -5*d - 44. List the prime factors of u(g).
71
Suppose -4537 = -3*o + 22553. List the prime factors of o.
2, 3, 5, 7, 43
Let g(d) = -d**3 + 16*d**2 + 2*d - 22. Let u be g(16). Suppose -37 + 137 = u*j. List the prime factors of j*(-6)/((-30)/55).
2, 5, 11
Let f(p) = -844*p + 685. List the prime factors of f(-4).
31, 131
Let z = 33 - 44. Let m(y) = -y**3 - 7*y**2 + 20*y - 14. List the prime factors of m(z).
2, 5
Let a(z) = -1927*z - 18. List the prime factors of a(-2).
2, 7, 137
Let q = -318 + 310. What are the prime factors of (489 - -2) + 7 + q?
2, 5, 7
Suppose 27*h = 96259 - 4216. What are the prime factors of h?
7, 487
Suppose j = 2*y + 641, 2*j - 341 - 926 = -y. Suppose -3*r + a + 314 + j = 0, 2*a + 1580 = 5*r. Suppose 7*v - 60 - r = 0. What are the prime factors of v?
2, 3
Suppose -24*f = -30*f + 6246. Suppose b = 594 + f. List the prime factors of b.
3, 5, 109
Let k(o) = 33*o - 9. Let m be k(2). Let h = 59 - m. Suppose 0 = -4*w - 20, -h*w + 85 = j - 6*w. List the prime factors of j.
5, 13
Let v(h) = -16*h**3 - 4*h + 5. Let b be v(1). What are the prime factors of 4/(-10) - 12846/b?
2, 107
Let t(r) = r**2 + 6*r + 27. Suppose 2*g - 84 = -3*q, g = 2*q - 6*q + 117. Let y = q + -42. List the prime factors of t(y).
3, 11
Suppose 0*l = 9*l - 288. Suppose -l*i - 3 = -33*i. Suppose -5*g = -i*d - 1 - 143, 5*d - 93 = -4*g. List the prime factors of g.
3
Let a = 202 + -199. Let i(v) = 15*v**3 - 5*v + 10. What are the prime factors of i(a)?
2, 5
Let n be -2 - 1/(1*4/(-20)). Suppose 2*t - 13 - 3 = 3*s, -5*t - n*s = -19. Suppose a - 10 = -t*w, -5*a - 3*w + 38 = -12. What are the prime factors of a?
2, 5
Suppose 202*d - 700 = 198*d. Let l be (4/3)/((-2)/150). Let n = l + d. List the prime factors of n.
3, 5
Let k be 25/10*2 - (0 - -2). Suppose 0 = -r + k*i - 9, 2*r + 5*i - 7 = 8. Suppose r = o - 4*m - 62, -2*o + 310 = 3*o - m. What are the prime factors of o?
2, 31
Suppose 0*i = -2*i - 3*b + 12, 3*i - 2*b = 18. Let t(x) = -x**3 + 10*x**2 + 2*x - 14. Let d be t(10). Let l = i + d. What are the prime factors of l?
2, 3
Let v = 52819 + -35353. What are the prime factors of v?
2, 3, 41, 71
Suppose 0 = -5*u - 15, 5*f = 5*u + 30 + 10. Suppose t - 284 = -5*h + 286, 2850 = f*t + 3*h. List the prime factors of t.
2, 3, 5, 19
Suppose 23780 = 3*r + 4*i - 22054, i + 76413 = 5*r. List the prime factors of r.
2, 3, 283
Suppose 4*h = -r + 9, -r = 1 + 2. Suppose 150 = h*k - 5*l - 79, -2*k + 156 = -5*l. Suppose -4*p - p = -g - 302, p + 4*g = k. List the prime factors of p.
61
Suppose -2 = -2*i + h, 5*i + 2 = 3*h - 4*h.